{"id":349,"date":"2025-01-21T00:53:00","date_gmt":"2025-01-20T22:53:00","guid":{"rendered":"https:\/\/chicioreanu.ro\/?page_id=349"},"modified":"2025-01-21T00:53:00","modified_gmt":"2025-01-20T22:53:00","slug":"curs-de-managementul-echipei","status":"publish","type":"page","link":"https:\/\/chicioreanu.ro\/index.php\/evenimente-recomandate\/curs-de-managementul-echipei\/","title":{"rendered":"Curs de Managementul Echipei"},"content":{"rendered":"\n<p>Crearea \u0219i dezvoltarea unei echipe eficiente de lucru<\/p>\n\n\n\n<p>Managementul echipei este o abilitate esen\u021bial\u0103 pentru orice lider care \u00ee\u0219i dore\u0219te s\u0103 construiasc\u0103 un mediu de lucru productiv \u0219i armonios. Acest curs de managementul echipei cu adul\u021bi se concentreaz\u0103 pe dezvoltarea abilit\u0103\u021bilor necesare pentru a gestiona eficient echipe diverse, abord\u00e2nd aspecte precum construirea echipei, stiluri de leadership, comunicarea fa\u021b\u0103 \u00een fa\u021b\u0103, comunicarea nonverbal\u0103, arta de a asculta, moduri de feedback, \u0219i managementul conflictelor.<\/p>\n\n\n\n<p>Construirea Echipei<\/p>\n\n\n\n<p>Construirea echipei este primul pas \u00een dezvoltarea unui mediu de lucru colaborativ \u0219i eficient. \u00cen cadrul acestui curs, participan\u021bii vor \u00eenv\u0103\u021ba despre importan\u021ba stabilirii obiectivelor comune, cre\u0103rii unui sentiment de apartenen\u021b\u0103 \u0219i promov\u0103rii unei culturi organiza\u021bionale pozitive. Exerci\u021biile de team-building sunt esen\u021biale pentru consolidarea rela\u021biilor dintre membrii echipei \u0219i pentru dezvoltarea unui spirit de echip\u0103 solid.<\/p>\n\n\n\n<p>Stiluri de Leadership<\/p>\n\n\n\n<p>Liderii eficien\u021bi \u0219tiu s\u0103 \u00ee\u0219i adapteze stilul de conducere \u00een func\u021bie de situa\u021bie \u0219i de nevoile echipei lor. Cursul va aborda diferite stiluri de leadership, cum ar fi leadershipul transformator, situa\u021bional, tranzac\u021bional \u0219i servant. Participan\u021bii vor \u00eenv\u0103\u021ba cum s\u0103 identifice cel mai potrivit stil de leadership pentru diferite contexte \u0219i cum s\u0103 \u00ee\u0219i dezvolte propriul stil de conducere.<\/p>\n\n\n\n<p>Comunicarea Fa\u021b\u0103 \u00een Fa\u021b\u0103<\/p>\n\n\n\n<p>Comunicarea direct\u0103 este vital\u0103 pentru succesul echipelor. Acest curs va \u00eenv\u0103\u021ba participan\u021bii despre importan\u021ba clarit\u0103\u021bii \u0219i conciziei \u00een comunicarea verbal\u0103. Se vor analiza tehnici de prezentare eficient\u0103 \u0219i strategii pentru a \u00eencuraja discu\u021biile deschise \u0219i oneste. \u00cen plus, se va pune accent pe dezvoltarea abilit\u0103\u021bilor de exprimare \u0219i de interpretare a mesajelor transmise \u00een cadrul \u00eent\u00e2lnirilor \u0219i discu\u021biilor fa\u021b\u0103 \u00een fa\u021b\u0103.<\/p>\n\n\n\n<p>Comunicarea Nonverbal\u0103<\/p>\n\n\n\n<p>Aproximativ 93% din comunicarea uman\u0103 este nonverbal\u0103, ceea ce face ca \u00een\u021belegerea limbajului corpului, a expresiilor faciale \u0219i a tonului vocii s\u0103 fie esen\u021bial\u0103 pentru un management eficient al echipei. \u00cen cadrul cursului, participan\u021bii vor \u00eenv\u0103\u021ba cum s\u0103 interpreteze semnalele nonverbale ale colegilor \u0219i cum s\u0103 \u00ee\u0219i \u00eembun\u0103t\u0103\u021beasc\u0103 propriile abilit\u0103\u021bi de comunicare nonverbal\u0103 pentru a transmite mesaje clare \u0219i coerente.<\/p>\n\n\n\n<p>Arta de a Asculta<\/p>\n\n\n\n<p>Ascultarea activ\u0103 este o competen\u021b\u0103 esen\u021bial\u0103 pentru orice lider. Participan\u021bii la curs vor \u00eenv\u0103\u021ba despre diferen\u021ba dintre ascultarea activ\u0103 \u0219i cea pasiv\u0103 \u0219i despre tehnici pentru a \u00eembun\u0103t\u0103\u021bi abilit\u0103\u021bile de ascultare. Acestea includ oferirea de feedback adecvat, punerea de \u00eentreb\u0103ri deschise \u0219i ar\u0103tarea empatiei. Ascultarea eficient\u0103 contribuie la crearea unui mediu de lucru \u00een care to\u021bi membrii echipei se simt valoriza\u021bi \u0219i \u00een\u021bele\u0219i.<\/p>\n\n\n\n<p>Moduri de Feedback<\/p>\n\n\n\n<p>Feedback-ul constructiv este esen\u021bial pentru dezvoltarea \u0219i cre\u0219terea profesional\u0103 a membrilor echipei. \u00cen cadrul cursului, se vor aborda diferite tipuri de feedback, cum ar fi feedback-ul apreciativ \u0219i cel corectiv. Participan\u021bii vor \u00eenv\u0103\u021ba cum s\u0103 ofere feedback \u00eentr-un mod care s\u0103 fie perceput ca fiind util \u0219i motivant, nu ca pe o critic\u0103 personal\u0103. De asemenea, se vor discuta tehnici pentru a primi feedback \u00eentr-un mod deschis \u0219i constructiv.<\/p>\n\n\n\n<p>Tipuri de Conflicte \u0219i Managementul lor<\/p>\n\n\n\n<p>Conflictele sunt inevitabile \u00eentr-o echip\u0103, dar modul \u00een care acestea sunt gestionate poate avea un impact semnificativ asupra dinamica grupului. Cursul va oferi participan\u021bilor instrumentele \u0219i metodele necesare pentru a recunoa\u0219te diferitele tipuri de conflicte (intrapersonale, interpersonale \u0219i de grup) \u0219i pentru a le gestiona eficient. Metodele de rezolvare a conflictelor, cum ar fi medierea, negocierile \u0219i tehnicile de rezolvare colaborativ\u0103 a problemelor, vor fi discutate \u00een detaliu.&nbsp;<\/p>\n\n\n\n<p>\u00cen concluzie<\/p>\n\n\n\n<p>Acest curs de managementul echipei cu adul\u021bi este esen\u021bial pentru orice lider care dore\u0219te s\u0103 construiasc\u0103 \u0219i s\u0103 men\u021bin\u0103 echipe eficiente \u0219i armonioase. Prin explorarea \u0219i aplicarea acestor concepte, participan\u021bii vor dob\u00e2ndi abilit\u0103\u021bile necesare pentru a naviga cu succes \u00een complexitatea interac\u021biunilor de echip\u0103 \u0219i pentru a promova un mediu de lucru pozitiv \u0219i productiv.<\/p>\n\n\n\n<p>Acest curs va explora cele mai importante aspecte ale managementului echipei, de la elementele de baz\u0103 p\u00e2n\u0103 la strategiile avansate pentru construirea unei echipe eficiente \u0219i performante.<\/p>\n","protected":false},"excerpt":{"rendered":"<p>Crearea \u0219i dezvoltarea unei echipe eficiente de lucru Managementul echipei este o abilitate esen\u021bial\u0103 pentru orice lider care \u00ee\u0219i dore\u0219te s\u0103 construiasc\u0103 un mediu de lucru productiv \u0219i armonios. Acest curs de managementul echipei cu adul\u021bi se concentreaz\u0103 pe dezvoltarea abilit\u0103\u021bilor necesare pentru a gestiona eficient echipe diverse, abord\u00e2nd aspecte precum construirea echipei, stiluri de &hellip; <\/p>\n<p class=\"link-more\"><a href=\"https:\/\/chicioreanu.ro\/index.php\/evenimente-recomandate\/curs-de-managementul-echipei\/\" class=\"more-link\">Continu\u0103 lectura<span class=\"screen-reader-text\"> \u201eCurs de Managementul Echipei\u201d<\/span><\/a><\/p>\n","protected":false},"author":1,"featured_media":351,"parent":2,"menu_order":0,"comment_status":"closed","ping_status":"closed","template":"","meta":{"footnotes":""},"class_list":["post-349","page","type-page","status-publish","has-post-thumbnail","hentry"],"_links":{"self":[{"href":"https:\/\/chicioreanu.ro\/index.php\/wp-json\/wp\/v2\/pages\/349","targetHints":{"allow":["GET"]}}],"collection":[{"href":"https:\/\/chicioreanu.ro\/index.php\/wp-json\/wp\/v2\/pages"}],"about":[{"href":"https:\/\/chicioreanu.ro\/index.php\/wp-json\/wp\/v2\/types\/page"}],"author":[{"embeddable":true,"href":"https:\/\/chicioreanu.ro\/index.php\/wp-json\/wp\/v2\/users\/1"}],"replies":[{"embeddable":true,"href":"https:\/\/chicioreanu.ro\/index.php\/wp-json\/wp\/v2\/comments?post=349"}],"version-history":[{"count":1,"href":"https:\/\/chicioreanu.ro\/index.php\/wp-json\/wp\/v2\/pages\/349\/revisions"}],"predecessor-version":[{"id":352,"href":"https:\/\/chicioreanu.ro\/index.php\/wp-json\/wp\/v2\/pages\/349\/revisions\/352"}],"up":[{"embeddable":true,"href":"https:\/\/chicioreanu.ro\/index.php\/wp-json\/wp\/v2\/pages\/2"}],"wp:featuredmedia":[{"embeddable":true,"href":"https:\/\/chicioreanu.ro\/index.php\/wp-json\/wp\/v2\/media\/351"}],"wp:attachment":[{"href":"https:\/\/chicioreanu.ro\/index.php\/wp-json\/wp\/v2\/media?parent=349"}],"curies":[{"name":"wp","href":"https:\/\/api.w.org\/{rel}","templated":true}]}}