{"id":8,"date":"2021-04-26T13:45:54","date_gmt":"2021-04-26T11:45:54","guid":{"rendered":"https:\/\/chicioreanu.ro\/?page_id=8"},"modified":"2025-01-21T03:49:07","modified_gmt":"2025-01-21T01:49:07","slug":"contact","status":"publish","type":"page","link":"https:\/\/chicioreanu.ro\/index.php\/contact\/","title":{"rendered":"Contact"},"content":{"rendered":"\n<p>Este esen\u021bial ca clien\u021bii s\u0103 men\u021bin\u0103 o comunicare constant\u0103 cu mentorul \u0219i coach-ul lor pentru a asigura un progres continuu \u0219i pentru a primi sprijinul necesar \u00een momentele dificile. Aceasta poate fi realizat\u0103 prin \u00eent\u00e2lniri regulate, actualiz\u0103ri prin e-mail sau mesaje \u0219i discutarea obiectivelor \u0219i realiz\u0103rilor \u00een mod deschis \u0219i sincer.<\/p>\n\n\n\n<p>Dac\u0103 ai nevoie de mai multe informa\u021bii sau sfaturi, sunt aici&nbsp;s\u0103&nbsp;te&nbsp;ajut!<\/p>\n","protected":false},"excerpt":{"rendered":"<p>Este esen\u021bial ca clien\u021bii s\u0103 men\u021bin\u0103 o comunicare constant\u0103 cu mentorul \u0219i coach-ul lor pentru a asigura un progres continuu \u0219i pentru a primi sprijinul necesar \u00een momentele dificile. Aceasta poate fi realizat\u0103 prin \u00eent\u00e2lniri regulate, actualiz\u0103ri prin e-mail sau mesaje \u0219i discutarea obiectivelor \u0219i realiz\u0103rilor \u00een mod deschis \u0219i sincer. Dac\u0103 ai nevoie de &hellip; <\/p>\n<p class=\"link-more\"><a href=\"https:\/\/chicioreanu.ro\/index.php\/contact\/\" class=\"more-link\">Continu\u0103 lectura<span class=\"screen-reader-text\"> \u201eContact\u201d<\/span><\/a><\/p>\n","protected":false},"author":1,"featured_media":0,"parent":0,"menu_order":0,"comment_status":"closed","ping_status":"closed","template":"","meta":{"footnotes":""},"class_list":["post-8","page","type-page","status-publish","hentry"],"_links":{"self":[{"href":"https:\/\/chicioreanu.ro\/index.php\/wp-json\/wp\/v2\/pages\/8","targetHints":{"allow":["GET"]}}],"collection":[{"href":"https:\/\/chicioreanu.ro\/index.php\/wp-json\/wp\/v2\/pages"}],"about":[{"href":"https:\/\/chicioreanu.ro\/index.php\/wp-json\/wp\/v2\/types\/page"}],"author":[{"embeddable":true,"href":"https:\/\/chicioreanu.ro\/index.php\/wp-json\/wp\/v2\/users\/1"}],"replies":[{"embeddable":true,"href":"https:\/\/chicioreanu.ro\/index.php\/wp-json\/wp\/v2\/comments?post=8"}],"version-history":[{"count":6,"href":"https:\/\/chicioreanu.ro\/index.php\/wp-json\/wp\/v2\/pages\/8\/revisions"}],"predecessor-version":[{"id":376,"href":"https:\/\/chicioreanu.ro\/index.php\/wp-json\/wp\/v2\/pages\/8\/revisions\/376"}],"wp:attachment":[{"href":"https:\/\/chicioreanu.ro\/index.php\/wp-json\/wp\/v2\/media?parent=8"}],"curies":[{"name":"wp","href":"https:\/\/api.w.org\/{rel}","templated":true}]}}